{"id":18,"date":"2024-05-23T14:11:55","date_gmt":"2024-05-23T14:11:55","guid":{"rendered":"https:\/\/test.die-maker-der-egg.de\/?page_id=18"},"modified":"2025-07-20T16:40:24","modified_gmt":"2025-07-20T16:40:24","slug":"startseite","status":"publish","type":"page","link":"https:\/\/test.die-maker-der-egg.de\/","title":{"rendered":"Startseite"},"content":{"rendered":"\n<p>Willkommen in unserer neuen Tierarztpraxis!<\/p>\n\n\n\n<p>Wir freuen uns, Sie und Ihre tierischen Freunde in unserer modernen und freundlichen Praxis begr\u00fc\u00dfen zu d\u00fcrfen. Als Allgemeinmediziner unter den Tier\u00e4rzten sind wir Ihre vertrauensvollen Ansprechpartner f\u00fcr alle gesundheitlichen Belange Ihrer Haustiere \u2013 von der eingerissenen Kralle \u00fcber Blasenentz\u00fcndungen bis hin zu wichtigen Vorsorgeuntersuchungen.<\/p>\n\n\n\n<p>Unsere Praxis bietet eine offene Sprechstunde, in der Sie jederzeit ohne Termin vorbeikommen k\u00f6nnen. Wir wissen, dass sich die meisten Erkrankungen nicht vorher ank\u00fcndigen, daher sind wir flexibel und immer f\u00fcr Sie da. Sollte ihr Steinplatten jedoch einmal straffer sein, so k\u00f6nnen sie auch gerne einen Termin mit uns vereinbaren. <\/p>\n\n\n<div class=\"wp-block-image\">\n<figure class=\"aligncenter size-large is-resized\"><img loading=\"lazy\" decoding=\"async\" width=\"1024\" height=\"1024\" src=\"https:\/\/test.die-maker-der-egg.de\/wp-content\/uploads\/2024\/05\/image-2-1024x1024.png\" alt=\"\" class=\"wp-image-78\" style=\"width:259px;height:auto\" srcset=\"https:\/\/test.die-maker-der-egg.de\/wp-content\/uploads\/2024\/05\/image-2.png 1024w, https:\/\/test.die-maker-der-egg.de\/wp-content\/uploads\/2024\/05\/image-2-300x300.png 300w, https:\/\/test.die-maker-der-egg.de\/wp-content\/uploads\/2024\/05\/image-2-150x150.png 150w, https:\/\/test.die-maker-der-egg.de\/wp-content\/uploads\/2024\/05\/image-2-768x768.png 768w, https:\/\/test.die-maker-der-egg.de\/wp-content\/uploads\/2024\/05\/image-2-1536x1536.png 1536w, https:\/\/test.die-maker-der-egg.de\/wp-content\/uploads\/2024\/05\/image-2-2048x2048.png 2048w\" sizes=\"auto, (max-width: 1024px) 100vw, 1024px\" \/><\/figure><\/div>\n\n\n<p><\/p>\n\n\n\n<p>Um eine schnelle und pr\u00e4zise Diagnostik zu gew\u00e4hrleisten, sind wir mit modernster Technik ausgestattet. Unsere Praxis nutzt digitales R\u00f6ntgen, Ultraschall und ein internes Labor, sodass wir alle wichtigen Untersuchungen direkt vor Ort durchf\u00fchren k\u00f6nnen.<\/p>\n\n\n\n<p>Besuchen Sie uns und lassen Sie sich von unserem engagierten Team und unserer umfassenden Betreuung \u00fcberzeugen. Wir sind hier, um Ihnen und Ihren tierischen Freunden die bestm\u00f6gliche medizinische Versorgung zu bieten. Ihre Gesundheit und Ihr Wohlbefinden liegen uns am Herzen.<\/p>\n","protected":false},"excerpt":{"rendered":"<p>Willkommen in unserer neuen Tierarztpraxis! Wir freuen uns, Sie und Ihre tierischen Freunde in unserer modernen und freundlichen Praxis begr\u00fc\u00dfen zu d\u00fcrfen. Als Allgemeinmediziner unter den Tier\u00e4rzten sind wir Ihre vertrauensvollen Ansprechpartner f\u00fcr alle gesundheitlichen Belange Ihrer Haustiere \u2013 von der eingerissenen Kralle \u00fcber Blasenentz\u00fcndungen bis hin zu wichtigen Vorsorgeuntersuchungen. Unsere Praxis bietet eine offene&#8230;<\/p>\n","protected":false},"author":1,"featured_media":0,"parent":0,"menu_order":0,"comment_status":"closed","ping_status":"closed","template":"","meta":{"_kad_post_transparent":"","_kad_post_title":"","_kad_post_layout":"","_kad_post_sidebar_id":"","_kad_post_content_style":"","_kad_post_vertical_padding":"","_kad_post_feature":"","_kad_post_feature_position":"","_kad_post_header":false,"_kad_post_footer":false,"footnotes":""},"class_list":["post-18","page","type-page","status-publish","hentry"],"_links":{"self":[{"href":"https:\/\/test.die-maker-der-egg.de\/index.php?rest_route=\/wp\/v2\/pages\/18","targetHints":{"allow":["GET"]}}],"collection":[{"href":"https:\/\/test.die-maker-der-egg.de\/index.php?rest_route=\/wp\/v2\/pages"}],"about":[{"href":"https:\/\/test.die-maker-der-egg.de\/index.php?rest_route=\/wp\/v2\/types\/page"}],"author":[{"embeddable":true,"href":"https:\/\/test.die-maker-der-egg.de\/index.php?rest_route=\/wp\/v2\/users\/1"}],"replies":[{"embeddable":true,"href":"https:\/\/test.die-maker-der-egg.de\/index.php?rest_route=%2Fwp%2Fv2%2Fcomments&post=18"}],"version-history":[{"count":8,"href":"https:\/\/test.die-maker-der-egg.de\/index.php?rest_route=\/wp\/v2\/pages\/18\/revisions"}],"predecessor-version":[{"id":102,"href":"https:\/\/test.die-maker-der-egg.de\/index.php?rest_route=\/wp\/v2\/pages\/18\/revisions\/102"}],"wp:attachment":[{"href":"https:\/\/test.die-maker-der-egg.de\/index.php?rest_route=%2Fwp%2Fv2%2Fmedia&parent=18"}],"curies":[{"name":"wp","href":"https:\/\/api.w.org\/{rel}","templated":true}]}}